t) = -3*t**2 + 149*t - 1091. Determine a(9).
7
Let g(q) = 4*q**2 - 22*q - 6. Calculate g(7).
36
Let n(q) = -7*q**2 + 5*q - 26. Calculate n(7).
-334
Let d(m) = m**3 - 22*m**2 + 38*m - 1493. Determine d(23).
-90
Let k(z) = z**3 + 33*z**2 + 30*z + 31. What is k(-32)?
95
Let c(h) = 192*h - 576. Give c(3).
0
Let n(h) = 5*h**2 - 656*h + 141. Calculate n(131).
10
Let n(o) = 2*o**3 - 4*o**2 - 160*o + 1. Calculate n(10).
1
Let t(v) = -13*v**3 + 2*v**2 + 12*v + 31. Determine t(-3).
364
Let a(t) = -4*t**2 + 9*t + 48. Determine a(8).
-136
Let p(k) = -33*k - 1209. Give p(-36).
-21
Let y(b) = 206*b + 19340. Give y(-94).
-24
Let l(p) = 361*p - 7935. What is l(22)?
7
Let d(o) = -o**2 + 131*o + 3177. What is d(-21)?
-15
Let f(m) = -56*m**3 + 6*m**2 + 5*m. Calculate f(-1).
57
Let k(n) = -146*n + 4359. Determine k(30).
-21
Let y(q) = 8*q + 116. Give y(18).
260
Let d(i) = 136*i + 39. Calculate d(-2).
-233
Let w(d) = -416*d + 1249. Give w(3).
1
Let s(f) = -f**2 + 6*f + 54. What is s(10)?
14
Let h(w) = 19*w**2 + 41*w + 38. Determine h(-1).
16
Let w(v) = -53*v**3 + 13*v + 14. Determine w(-1).
54
Let u(j) = 3*j**3 - 15*j**2 + 20*j - 59. Determine u(4).
-27
Let o(v) = -63*v + 532. Calculate o(8).
28
Let a(i) = i**3 + 9*i**2 + 9*i + 80. Determine a(-9).
-1
Let z(r) = 5*r**3 + 8*r**2 + 2*r + 8. Calculate z(3).
221
Let k(c) = -2*c**3 + 51*c**2 - 9*c + 291. Calculate k(26).
-619
Let i(z) = -10*z - 10. Calculate i(1).
-20
Let r(o) = o**3 + 12*o**2 + 4*o - 70. Give r(-11).
7
Let v(q) = q**2 - 7*q - 1875. Give v(47).
5
Let a(d) = 82*d - 1261. What is a(15)?
-31
Let l(i) = 15*i - 323. What is l(39)?
262
Let s(l) = l**2 + 307*l + 4138. What is s(-14)?
36
Let m(l) = -l**3 - 20*l**2 - 21*l - 24. What is m(-19)?
14
Let z(j) = -51*j - 18. Calculate z(-4).
186
Let h(t) = 390*t + 70967. Determine h(-182).
-13
Let k(j) = 14*j**2 + 34*j + 72. Calculate k(-2).
60
Let x(d) = -d**2 + 407*d + 5898. What is x(-14)?
4
Let n(v) = 2*v**3 + v**2 - 20*v - 20. What is n(-1)?
-1
Let p(m) = -44*m - 1210. Give p(-30).
110
Let u(i) = -i**3 + 6*i**2 + 82*i + 28. Determine u(-5).
-107
Let i(h) = 5*h**3 - 124*h**2 - 24*h - 28. Calculate i(25).
-3
Let l(n) = -20*n**3 + 1420*n**2 + 5. Determine l(71).
5
Let s(m) = -37*m + 428. What is s(11)?
21
Let r(v) = -270*v + 256. Calculate r(1).
-14
Let s(p) = -p**3 + 7*p**2 + 11*p + 84. Calculate s(9).
21
Let d(q) = 28*q - 913. Calculate d(29).
-101
Let g(j) = j**2 - 2*j + 19. Give g(0).
19
Let z(m) = -m**2 - 50*m - 642. Calculate z(-27).
-21
Let l(g) = -17*g + 1141. Calculate l(56).
189
Let u(i) = 20*i**2 - 2983*i + 6310. Calculate u(147).
-11
Let y(i) = i**3 + 54*i**2 - 637*i - 8. Determine y(10).
22
Let c(h) = 61*h + 24. Give c(1).
85
Let w(h) = h**3 - 39*h**2 + 11*h - 169. What is w(39)?
260
Let y(t) = -103*t - 372. Give y(-4).
40
Let u(f) = f**3 + 10*f**2 + 11*f - 76. Calculate u(-7).
-6
Let u(g) = 17*g - 436. Calculate u(20).
-96
Let v(h) = -h**2 - 86*h + 1891. What is v(18)?
19
Let a(l) = -2*l**3 - 13*l**2 - 66*l - 150. Calculate a(-5).
105
Let b(j) = 387*j**2 - 3484*j + 10. Determine b(9).
1
Let v(t) = t**3 - 82*t**2 + 89*t - 641. Calculate v(81).
7
Let j(b) = -b**2 - 65*b - 703. Determine j(-65).
-703
Let l(y) = -3*y**3 + 46*y**2 - 47*y. What is l(1)?
-4
Let m(j) = j**3 - 22*j**2 - 133*j - 56. Determine m(27).
-2
Let p(l) = l**2 - 30*l - 155. What is p(38)?
149
Let k(u) = 8*u**2 - 52*u - 153. Calculate k(8).
-57
Let x(w) = 103*w**2 + 64*w + 127. Determine x(-2).
411
Let t(r) = -16*r + 33. What is t(-8)?
161
Let v(d) = -69*d + 946. Give v(8).
394
Let o(p) = -p**2 + 91*p + 2321. Give o(-21).
-31
Let a(u) = -8*u**3 - 1250*u**2 - 366*u - 8431. Give a(-156).
-7
Let k(o) = -o**3 + 22*o**2 - 28*o + 1171. Determine k(23).
-2
Let j(l) = -224*l + 6440. What is j(29)?
-56
Let u(c) = 11*c + 31. Calculate u(12).
163
Let d(x) = 96*x - 309. Determine d(3).
-21
Let w(i) = -301*i - 113478. Determine w(-377).
-1
Let r(c) = -12*c**3 - 2*c**2 - 15*c - 3. What is r(-3)?
348
Let q(o) = -o**3 - 29*o**2 + 445*o + 13607. Calculate q(-26).
9
Let t(b) = -9*b**3 + 91*b**2 - 14*b + 2. Give t(10).
-38
Let k(z) = -20*z**2 + 260*z + 25. Determine k(13).
25
Let p(q) = -807*q + 4043. Give p(5).
8
Let b(a) = 25824*a - 103290. Calculate b(4).
6
Let m(y) = -2*y**2 + 186*y - 339. Calculate m(91).
25
Let i(u) = -10*u**2 - 1190*u + 31. What is i(-119)?
31
Let a(i) = -33*i + 58. Calculate a(0).
58
Let h(w) = 14*w**2 - 29*w + 10. Calculate h(3).
49
Let w(n) = 6241*n + 461828. Give w(-74).
-6
Let x(h) = -369*h - 9601. Calculate x(-26).
-7
Let q(j) = 14*j + 79. Calculate q(-20).
-201
Let w(y) = y**2 - 21*y - 44. Determine w(14).
-142
Let z(h) = -8*h**2 - 108*h - 44. What is z(-13)?
8
Let s(z) = 13*z + 111. Calculate s(-9).
-6
Let l(c) = -c**2 + 2150*c - 53122. Calculate l(25).
3
Let v(i) = -1278*i - 1263. What is v(-1)?
15
Let j(m) = 2*m**2 - 83*m + 372. Calculate j(5).
7
Let s(f) = -25*f - 120. What is s(-5)?
5
Let c(n) = -2*n**3 - 26*n**2 + 10*n + 120. Determine c(-13).
-10
Let g(d) = d**3 + 16*d**2 - 11*d - 139. What is g(-17)?
-241
Let g(l) = l**3 - 18*l**2 + 9*l + 286. Calculate g(5).
6
Let z(u) = -2*u**3 - 212*u**2 - 423*u - 757. Calculate z(-104).
-29
Let n(o) = 217*o - 47510. Give n(219).
13
Let g(h) = 65*h - 1493. Calculate g(23).
2
Let a(k) = 4070*k + 32561. Give a(-8).
1
Let a(p) = -2*p**2 + 29*p + 93. Calculate a(17).
8
Let g(b) = 7*b - 473. What is g(76)?
59
Let f(m) = -m**3 - 16*m**2 + 37*m + 641. Give f(-16).
49
Let m(r) = 1466*r - 4350. Calculate m(3).
48
Let t(h) = h**3 - 35*h**2 + 66*h - 1080. What is t(34)?
8
Let m(v) = 147*v - 1449. What is m(11)?
168
Let d(s) = s**3 + 4*s**2 - 4*s - 19. Determine d(-3).
2
Let l(t) = 1616*t + 6464. Calculate l(-4).
0
Let g(l) = l**3 + 61*l**2 + 26*l - 2008. Give g(-60).
32
Let a(u) = -3*u**3 - 33*u**2 - 11*u. What is a(-10)?
-190
Let u(t) = -2*t**3 + 27*t + 61. Give u(-3).
34
Let g(c) = -c**3 + 94*c**2 + 596*c - 26. Give g(-6).
-2
Let c(y) = -y**3 - 4*y**2 - 9*y - 9. Determine c(-3).
9
Let k(u) = -u**3 - 74*u**2 + 228*u + 7. What is k(3)?
-2
Let x(z) = 2*z**3 - 30*z**2 - 35*z + 14. What is x(16)?
-34
Let w(j) = -26*j**2 + 5410*j - 429. What is w(208)?
-13
Let c(p) = 3*p**2 - 39*p - 102. Determine c(-4).
102
Let g(q) = -1660*q - 74704. Calculate g(-45).
-4
Let n(d) = d**3 - d**2 + 5*d - 2. Determine n(3).
31
Let r(k) = k**3 - 23*k**2 + 113*k + 6. Calculate r(16).
22
Let d(k) = 5*k**2 + 340*k - 4795. Calculate d(-80).
5
Let h(q) = 7*q + 213. Calculate h(-21).
66
Let k(m) = 33*m**2 + 205*m + 37. What is k(-6)?
-5
Let z(f) = f**3 + 8*f**2 - 2344*f - 18760. Give z(-8).
-8
Let i(w) = w**3 - 13*w**2 + 33*w + 33. Calculate i(6).
-21
Let f(r) = -3*r**2 - 26*r + 854. Give f(20).
-866
Let a(i) = -2*i**3 - 102*i**2 + i + 85. Give a(-51).
34
Let k(b) = -2*b**2 + 23*b - 136. Give k(8).
-80
Let b(d) = 8*d**3 - 80*d**2 + 21*d - 212. What is b(10)?
-2
Let h(l) = l**2 - 9*l - 81. Calculate h(13).
-29
Let l(i) = -46*i - 741. Calculate l(-17).
41
Let x(f) = -2*f**3 + f + 41. Give x(0).
41
Let x(m) = -m**3 + 12*m**2 + 8*m - 148. What is x(10)?
132
Let d(h) = -40*h + 479. Give d(12).
-1
Let s(h) = 1026*h + 33. Give s(0).
33
Let r(u) = -u**2 + 117*u + 482. What is r(121)?
-2
Let x(o) = 6*o**2 + 26*o + 11. Give x(-4).
3
Let k(h) = -h**3 + 26*h**2 + 8*h - 207. Determine k(26).
1
Let f(r) = -2844*r + 19918. Give f(7).
10
Let q(h) = h**2 + 112*h - 1906. Calculate q(15).
-1
Let n(d) = -d**2 - 84*d - 623. Calculate n(-8).
-15
Let q(k) = -k**2 + 39*k - 161. Give q(8).
87
Let g(d) = -25*d - 164. What is g(-7)?
11
Let v(x) = -6*x**2 + 433*x - 74. Determine v(72).
-2
Let m(x) = -156*x + 313. Give m(2).
1
Let h(x) = -100*x - 27. Calculate h(-1).
73
Let h(t) = -103*t + 96. Give h(1).
-7
Let d(z) = -13*z + 16. Give d(1).
3
Let k(m) = 11*m**3 - 332*m**2 + 35*m + 746. Give k(30).
-4
Let u(n) = n**2 + 100*n - 653. Calculate u(6).
-17
Let a(l) = 2552*l + 30636. Calculate a(-12).
12
Let f(m) = -7*m**3 - 111*m**2 - 278*m - 4709. Determine f(-16).
-5
Let w(u) = -2*u**2 + 28*u - 80. Give w(13).
-54
Let k(y) = 45*y**2 + 11*y + 21. Give k(-3).
393
Let m(j) = -j**3 + 53*j**2 + 54*j + 113. Determine m(54).
113
Let w(n) = -9*n**2 + 610*n + 18. Determine w(68).
-118
Let d(u) = -87*u - 100. What is d(-3)?
161
Let w(j) = -j**3 - 43*j**2 + 187*j - 71. What is w(-47)?
-24
Let x(l) = l**3 + 10*